. What is the remainder when i is divided by 3?
2
Let w(q) = 3*q - 7. Let h = 15 + -4. Let t be w(h). Suppose 0 = 2*v - 5*y - t, 3*y - 20 = 2*v - 50. What is the remainder when v is divided by 7?
4
Let q(a) = -a**3 - 7*a**2 - 7*a + 1. Let m be q(-6). Suppose 4*j - 9 = -f + m, j = 3. Calculate the remainder when 6 is divided by f.
2
Suppose -154 = -m - 0*k + 2*k, -3*k = 0. What is the remainder when m is divided by 40?
34
Let i(r) = 8*r**2 - 7*r. Let u(o) = -7*o**2 + 6*o. Let h(j) = 6*i(j) + 7*u(j). Let l be h(1). Calculate the remainder when (-99)/(1 - -2)*l is divided by 12.
9
Let d = -39 + 29. Calculate the remainder when (-660)/(-24)*(-8)/d is divided by 8.
6
Suppose -4*n = 4*a + 45 - 249, 0 = 3*a + 5*n - 147. Suppose -5*i = -2*i - a. Calculate the remainder when i is divided by 3.
0
Let o = -27 + 52. Calculate the remainder when (6/(-5 - 1))/((-2)/146) is divided by o.
23
Suppose 5*z - x = 134, 6*z + 5*x = 5*z + 6. What is the remainder when z is divided by 9?
8
Let b = -2276 + 2347. What is the remainder when 169 is divided by b?
27
Let b = 64 + -18. Let j(i) = i**3 + 6*i**2 + 8. What is the remainder when b is divided by j(-6)?
6
Let w = 1299 - 937. What is the remainder when w is divided by 41?
34
Let o(k) = -2*k + 46. What is the remainder when 20 is divided by o(21)?
0
Let w = 761 - 750. Calculate the remainder when 25 is divided by w.
3
Calculate the remainder when 146/(-2117) - (-2409)/29 is divided by 8.
3
Suppose 0 = 2*l - 4*p - 1640, -51*l + 1642 = -49*l - 5*p. What is the remainder when l is divided by 9?
6
Suppose 105 = 8*o - 151. What is the remainder when 40 is divided by o?
8
What is the remainder when (-696)/145*(-110)/8 + -4 is divided by 7?
6
Let h(c) = -c**3 - 10*c**2 - 43*c - 421. What is the remainder when h(-14) is divided by 22?
19
Let r = -5 + 6. Let u = 7 - r. Let t = 28 - u. Calculate the remainder when t is divided by 12.
10
Let n(c) = 42*c**2 + 95*c - 95. Calculate the remainder when 287 is divided by n(1).
35
Suppose 6*p - 27 = -3*p. Suppose -16 = -p*j - 0*h + 2*h, 2*j = -2*h + 24. What is the remainder when 44 is divided by j?
4
What is the remainder when 27 is divided by (-6)/21 + (-92)/(-28)?
0
Let c = 11 + 63. Calculate the remainder when c is divided by 19.
17
Suppose -m - 412 = -2*t, t - 3*m = 3*t - 420. Suppose 26*h + t = 29*h. Calculate the remainder when h is divided by 25.
19
Suppose 6*j - 45 = 45. Suppose 3*m + 3*d - 30 - j = 0, 2*d + 82 = 5*m. What is the remainder when 37 is divided by m?
5
Let a be (-1)/(2*(-2)/(-24)). Let q(w) = -w**3 - 7*w**2 - 8*w + 2. What is the remainder when q(a) is divided by 272/36 - 276/(-621)?
6
Let p = 37 + -17. Let d(i) = -i**3 - i**2 - 2*i + 8. Let x be d(6). Let s = -197 - x. What is the remainder when s is divided by p?
19
Suppose 4*t = -47 + 131. Let g(x) = -x**3 - 10*x**2 + 163. Calculate the remainder when g(-8) is divided by t.
14
Suppose g = -0*g + 2*s + 14, 70 = 5*g + s. Suppose g*q = 10*q + 488. Calculate the remainder when q is divided by 31.
29
Let l(i) = -4*i**2 - 31*i + 18. What is the remainder when 45 is divided by l(-8)?
5
Let b(o) = o**3 + 10*o**2 + 12*o - 22. What is the remainder when 244 is divided by b(-7)?
39
Suppose -6*l + 378 = -204. Calculate the remainder when 304 is divided by l.
13
Suppose 12 = 2*i + 3*r - 9, 0 = 4*i + 4*r - 48. Calculate the remainder when ((-1)/(-2))/((-8)/(-672)) is divided by i.
12
Suppose 2*z + 2*k = 6, -5*z + 39 = -0*z - 3*k. Calculate the remainder when 33 is divided by (-4)/z*1140/(-40).
14
Let v(m) = m**3 - 3*m**2 + 5*m - 2. Let f = 134 - 131. Suppose -f*s - 105 = -5*w, -s - 4*s = w + 7. What is the remainder when v(4) is divided by w?
16
Let x(f) = 3*f**2 + f**2 - 2*f + 5 + f**2 - 4*f**2. Calculate the remainder when 49 is divided by x(4).
10
Let o be (115/4)/((-1)/(-4)). Suppose 115 + o = 10*k. Calculate the remainder when 90 is divided by k.
21
Suppose r - 3*r - 4*h = -28, 2*r = 4*h - 4. Let c = -109 + 120. Calculate the remainder when c is divided by r.
5
Let u(g) = -g + 4. Let f be u(2). Suppose f*p - 70 = p. Let l = p + -31. Calculate the remainder when l is divided by 21.
18
Suppose -2*r + 4*i = 2*r - 112, -3*r + 84 = -4*i. Let k be (-1 + (-3 - -4))/2. Suppose -o + 10 = -k. Calculate the remainder when r is divided by o.
8
Let j(m) = m**3 - 4*m**2 + m + 7. Suppose -35*g - 82*g + 1521 = 0. Calculate the remainder when j(5) is divided by g.
11
Let m = -158 - -170. Suppose 3*x = -2*b - 1, 25 = 5*x - 4*b - 10. What is the remainder when m is divided by x?
0
Let t = 86 + -94. Suppose -i = o - 28, i + 3*i = -2*o + 66. Calculate the remainder when (40/(-25))/(t/220) is divided by o.
21
Suppose -s + 304 + 181 = 4*t, 2*s = 2*t - 230. Calculate the remainder when t is divided by 41.
38
Suppose -5*z = c + 307 - 1407, 3*z - 2*c - 647 = 0. Calculate the remainder when z is divided by 4.
3
Let m = 14 - -1. What is the remainder when (-39)/(204/(-18) + 11) is divided by m?
12
Let i(c) = c**3 - 3*c**2 + 7*c + 7. Let a be i(7). Let m = -108 + a. Let q = -98 + m. Calculate the remainder when q is divided by 16.
14
Let t = -47 - -38. Let r(n) = 2*n**2 + 10*n - 22. What is the remainder when r(t) is divided by 17?
16
Let k(b) be the second derivative of b**4/6 - b**3/2 - 11*b**2/2 + 5*b. Let d(a) = a**3 - a**2 - a. Calculate the remainder when k(6) is divided by d(3).
13
Let s(b) = -14*b - 1 + 2 - 2. Let o be (7/21)/(5/(-15)). Calculate the remainder when s(o) is divided by 7.
6
Let o(p) = 34*p - 90. What is the remainder when o(6) is divided by 42?
30
Let t be 12/54 - 106/(-9). Suppose -j - l = -t, -3*j + 12 = -2*j - 3*l. Calculate the remainder when 35 is divided by j.
11
Let h = 2600 + -184. What is the remainder when h is divided by 20?
16
Let v(s) = -2*s**2 - 36*s + 30. What is the remainder when 239 is divided by v(-17)?
47
Let x be 3/5 - (-2)/5. Let z(n) = -n**2 + 12*n - 1. Let u be z(0). Calculate the remainder when (u - 0)*x*-19 is divided by 11.
8
Suppose -198 = -4*z - 2*z. What is the remainder when 107 is divided by z?
8
Suppose 8464 = 47*m - 2346. Calculate the remainder when m is divided by 24.
14
Suppose -1213*w = -1211*w - 1804. Calculate the remainder when w is divided by 43.
42
Let o(c) = 10*c**3 + 3*c**2 - c - 1. What is the remainder when 258 is divided by o(2)?
80
Let l = -245 + 257. Calculate the remainder when 81 is divided by l.
9
What is the remainder when 36 is divided by 14*((2 + -2)/(-1) + 2)?
8
Suppose -346*h + 347*h = 21. What is the remainder when 398 is divided by h?
20
Let o be (-20)/80 - (-50)/8. Let c be (-78)/(-65)*140/o. Suppose -q + 5*q = c. Calculate the remainder when 20 is divided by q.
6
Suppose m - 16*s = -12*s + 41, 70 = 2*m - 2*s. Let f = -235 - -366. Calculate the remainder when f is divided by m.
32
Let k(w) = w**3 + 8*w**2 + 6*w + 2. Calculate the remainder when k(-5) is divided by -3*5/5*13/(-3).
8
Let a = -2 - -3. Let r be (-1 - 2) + (4 - a). Suppose -b = -r*b - 10. Calculate the remainder when 19 is divided by b.
9
What is the remainder when 183 is divided by (-5 + -1)/((-6)/30)?
3
Suppose -3*d = 2*q + 13, 5*q - 3*q = -5*d - 19. What is the remainder when q/(-14) - 1320/(-21) is divided by -1 + 2 + 17 + -2?
15
Let q(w) = -w**3 + 11*w**2 + 7*w - 2. Let i be q(11). Suppose 0 = 2*t - 5*b - 148, 5*t = 4*t + 2*b + i. Calculate the remainder when t is divided by 20.
19
Suppose 0 = -c - 4*y - 11, -c + 2*c + 7 = -2*y. Let o(n) = -28*n + 16. What is the remainder when o(c) is divided by 26?
22
Suppose -8 = 6*g - 158. What is the remainder when 97 is divided by g?
22
Suppose 6 = -3*n + 87. Let i be 3/(72/(-16)) - (-8)/3. Suppose 5*a - 262 = -i*h, 2*h = -a + 3*a - 102. Calculate the remainder when a is divided by n.
25
Let b(f) = 2*f**3 - 4*f**2 + 4*f - 6. Calculate the remainder when (6/(-8))/(1/(-4)) is divided by b(2).
1
Suppose -9*x - 4 = -319. What is the remainder when 103 is divided by x?
33
Suppose u = -s - 857, -s + 474 = -2*u - 1237. What is the remainder when (2/(-2))/((-4)/u*-2) is divided by 11?
8
Let f(j) = j - 19. Let g be f(-9). What is the remainder when 13 is divided by (g/6)/(16/(-24))?
6
Suppose 6*i - 18 = 12. Suppose -27 = -m + 5*x, i*m - 4*x - 75 = x. What is the remainder when 21 is divided by m?
9
Let p = -558 - -772. What is the remainder when p is divided b